 of 10802 and 88?
22
What is the greatest common factor of 1458 and 5661?
9
What is the greatest common divisor of 16 and 8716?
4
Calculate the greatest common divisor of 394866 and 162.
18
What is the greatest common factor of 9 and 8445?
3
Calculate the greatest common divisor of 30184 and 6776.
616
Calculate the highest common divisor of 2186908 and 712.
356
Calculate the greatest common factor of 33 and 227601.
33
What is the highest common divisor of 19085 and 25?
5
What is the greatest common factor of 94224 and 64?
16
What is the greatest common factor of 5424708 and 43?
43
Calculate the greatest common factor of 976 and 361913.
61
Calculate the greatest common factor of 187 and 16291.
11
Calculate the greatest common divisor of 1507969 and 134.
67
Calculate the greatest common divisor of 2350 and 80.
10
What is the greatest common factor of 3725 and 30?
5
Calculate the highest common factor of 755 and 14496.
151
Calculate the highest common divisor of 86005 and 412.
103
Calculate the greatest common factor of 4522 and 1231846.
266
Calculate the highest common divisor of 13541 and 3421.
11
What is the highest common factor of 975 and 30375?
75
What is the highest common divisor of 10750 and 2950?
50
What is the highest common factor of 136 and 6154?
34
What is the greatest common divisor of 82718 and 826?
118
Calculate the highest common factor of 3033 and 4905.
9
Calculate the highest common divisor of 1150 and 152674.
46
Calculate the highest common factor of 1035 and 120.
15
Calculate the greatest common factor of 14003 and 24016.
19
What is the highest common divisor of 7284 and 1420?
4
What is the highest common divisor of 238 and 75072?
34
Calculate the greatest common divisor of 708 and 60.
12
Calculate the greatest common factor of 14 and 2525803.
7
What is the greatest common factor of 16 and 245888?
16
What is the highest common divisor of 7520040 and 1320?
1320
Calculate the highest common factor of 93710 and 30.
10
What is the highest common factor of 1256 and 1928?
8
Calculate the greatest common factor of 65 and 1895.
5
Calculate the highest common factor of 17476 and 34.
34
What is the greatest common factor of 93 and 335451?
93
Calculate the greatest common divisor of 13624 and 1508.
52
What is the highest common divisor of 1120953 and 982?
491
What is the highest common factor of 425975 and 330?
55
What is the greatest common factor of 5 and 5415?
5
Calculate the highest common factor of 8764 and 60722.
626
Calculate the highest common factor of 987 and 16027.
47
What is the greatest common factor of 9776283 and 33?
33
What is the greatest common divisor of 49678 and 3789?
421
Calculate the highest common factor of 374 and 219219.
11
What is the greatest common divisor of 3792 and 2910360?
1896
Calculate the highest common factor of 2384 and 1744.
16
Calculate the greatest common factor of 465 and 93310.
155
Calculate the greatest common divisor of 210 and 56085.
15
Calculate the highest common divisor of 1162 and 19334.
14
Calculate the highest common factor of 214455 and 850.
85
What is the highest common divisor of 6954 and 16836?
366
Calculate the greatest common factor of 3764 and 16.
4
Calculate the highest common factor of 78 and 1960374.
78
Calculate the highest common factor of 932470 and 44.
22
Calculate the highest common divisor of 13764 and 1116.
372
Calculate the highest common divisor of 3858 and 588.
6
Calculate the greatest common divisor of 674 and 70.
2
Calculate the greatest common divisor of 12165 and 3705459.
2433
What is the highest common divisor of 887 and 44350?
887
Calculate the highest common divisor of 128992 and 174.
58
What is the highest common factor of 1412 and 512?
4
What is the greatest common divisor of 95 and 110865?
95
Calculate the highest common divisor of 19 and 3871687.
19
Calculate the greatest common divisor of 4433 and 10153.
143
What is the greatest common factor of 3051 and 2646?
27
Calculate the highest common factor of 18204 and 562807.
1517
Calculate the greatest common divisor of 18955 and 680.
85
What is the highest common factor of 18 and 1142?
2
What is the highest common factor of 1310 and 1423315?
655
What is the greatest common divisor of 672 and 21336?
168
Calculate the highest common divisor of 3790 and 8050.
10
Calculate the highest common factor of 747682 and 13.
13
What is the highest common divisor of 1390 and 865?
5
Calculate the highest common factor of 58138 and 216954.
1418
What is the highest common divisor of 37752 and 936?
312
What is the greatest common factor of 247528 and 72?
8
Calculate the highest common divisor of 13528 and 22.
2
Calculate the highest common divisor of 1330 and 135380.
70
Calculate the greatest common factor of 528594 and 66.
66
What is the highest common factor of 1052 and 3495796?
1052
What is the greatest common factor of 201 and 1320771?
201
Calculate the greatest common factor of 504 and 213840.
72
What is the greatest common divisor of 7399 and 1225?
49
Calculate the highest common divisor of 85 and 3281.
17
Calculate the highest common factor of 11174 and 370.
74
What is the highest common divisor of 796 and 238402?
398
Calculate the greatest common divisor of 62305 and 935.
85
Calculate the highest common divisor of 1661 and 312419.
151
What is the highest common divisor of 1440 and 5910?
30
What is the highest common factor of 385 and 2443?
7
What is the greatest common divisor of 1783818 and 18?
18
Calculate the greatest common divisor of 2507 and 763.
109
What is the greatest common divisor of 229344 and 1056?
96
Calculate the greatest common divisor of 1503619 and 13.
13
What is the highest common divisor of 57 and 57741?
57
Calculate the highest common factor of 154 and 4438.
14
Calculate the highest common factor of 228 and 4548.
12
Calculate the greatest common divisor of 315 and 104013.
63
Calculate the highest common divisor of 2164 and 8.
4
Calculate the greatest common divisor of 96 and 2272.
32
What is the greatest common factor of 860 and 2740?
20
Calculate the highest common divisor of 53578 and 56.
14
Calculate the greatest common divisor of 618 and 189726.
618
What is the greatest common divisor of 1 and 841?
1
What is the highest common divisor of 173871 and 441?
9
Calculate the highest common divisor of 190064 and 112.
112
Calculate the greatest common factor of 1488 and 313224.
744
What is the highest common divisor of 19008 and 513?
27
What is the greatest common factor of 5474 and 1081?
23
Calculate the greatest common factor of 1168 and 13536.
16
What is the highest common divisor of 351 and 17199?
351
Calculate the greatest common factor of 16100 and 9016.
644
Calculate the greatest common divisor of 198 and 240669.
99
Calculate the greatest common divisor of 1723482 and 4232.
1058
What is the highest common factor of 30750 and 1525?
25
Calculate the greatest common divisor of 147 and 4725.
21
What is the highest common factor of 40296 and 657?
219
What is the greatest common divisor of 976 and 85400?
488
Calculate the greatest common divisor of 199800 and 6840.
360
What is the greatest common divisor of 52962 and 56?
14
Calculate the highest common factor of 251 and 309985.
251
Calculate the greatest common factor of 33 and 11451.
33
Calculate the highest common divisor of 1468 and 63491.
367
What is the greatest common divisor of 16932 and 84162?
498
Calculate the highest common factor of 81 and 341073.
9
What is the greatest common divisor of 574 and 4564?
14
Calculate the highest common factor of 582923 and 88847.
2167
What is the highest common factor of 2436 and 2729132?
812
What is the highest common divisor of 1073 and 47767?
37
What is the highest common factor of 760 and 2898944?
152
What is the highest common factor of 300800 and 600?
200
Calculate the highest common factor of 619476 and 20.
4
What is the highest common divisor of 149 and 26?
1
Calculate the highest common divisor of 144 and 3336.
24
What is the highest common factor of 33590 and 4?
2
Calculate the highest common divisor of 32 and 379936.
32
What is the highest common factor of 255 and 1621341?
51
What is the greatest common divisor of 42795 and 5389?
317
Calculate the highest common divisor of 99040 and 640.
160
C